19 - -4?
-115
In base 13, what is -6 - 24?
-2a
In base 8, what is 47 + -44?
3
In base 16, what is -2 + -23d?
-23f
In base 5, what is -324 - 441?
-1320
In base 6, what is 21 + 22?
43
In base 9, what is -2073 + -4?
-2077
In base 13, what is 1 + 3b?
3c
In base 5, what is -112 - -41?
-21
In base 8, what is 2 + 1522?
1524
In base 16, what is 482 + 4?
486
In base 16, what is -159 + -1b?
-174
In base 9, what is 55 + 0?
55
In base 4, what is 2 + 210031?
210033
In base 11, what is 50 - -21?
71
In base 16, what is 8 + -15?
-d
In base 8, what is -14 + 115?
101
In base 6, what is -1 + -2053?
-2054
In base 15, what is -21 + -c?
-2d
In base 16, what is 0 + -3cb?
-3cb
In base 4, what is -232 - 100?
-332
In base 2, what is -100100100 + 101?
-100011111
In base 10, what is -4 - 941?
-945
In base 5, what is 2 - 110333?
-110331
In base 10, what is -2 + -649?
-651
In base 13, what is -1467 + -1?
-1468
In base 10, what is 4 - -37?
41
In base 16, what is 4 + 50?
54
In base 14, what is 1 - 6a?
-69
In base 8, what is -2 + 1233?
1231
In base 5, what is -113302 - 0?
-113302
In base 15, what is 4066 + -2?
4064
In base 3, what is 21 + -12002?
-11211
In base 15, what is 1c - -de?
10b
In base 10, what is -3 - -438?
435
In base 3, what is -2002 - 1112?
-10121
In base 5, what is 10 - 140?
-130
In base 8, what is 113 - 2?
111
In base 11, what is 24aa - 5?
24a5
In base 11, what is -8 - 1539?
-1546
In base 7, what is -14650 + 5?
-14642
In base 3, what is 1002110 - -1?
1002111
In base 7, what is -2640 + 3?
-2634
In base 3, what is -11112 + 12012?
200
In base 13, what is 2 - 4?
-2
In base 15, what is -5 + 30?
2a
In base 15, what is -9b - 4?
-a0
In base 3, what is -12 - -2120?
2101
In base 2, what is 11100 - 0?
11100
In base 16, what is 7 - -1ad?
1b4
In base 3, what is 10012 - 12?
10000
In base 13, what is -2 + 183?
181
In base 3, what is -2011021 + 2?
-2011012
In base 4, what is -113100 - -3?
-113031
In base 16, what is -6d1 - -5?
-6cc
In base 3, what is 220 + -2?
211
In base 9, what is 1220 + 2?
1222
In base 5, what is -1420102 - 2?
-1420104
In base 16, what is 0 - -872?
872
In base 5, what is 13240 + 3?
13243
In base 5, what is -104 - -230?
121
In base 12, what is 9 + -209?
-200
In base 7, what is 1 - 1060?
-1056
In base 14, what is -24d + 1?
-24c
In base 14, what is 58 - -1?
59
In base 3, what is 2 - 1011?
-1002
In base 5, what is 143324 - -2?
143331
In base 6, what is 1044 + -4?
1040
In base 16, what is -5 - -ad8?
ad3
In base 4, what is 10 - -133212?
133222
In base 6, what is -11252 + 2?
-11250
In base 10, what is -4 - 2?
-6
In base 3, what is 12 - 22110?
-22021
In base 15, what is -122 + 3?
-11e
In base 7, what is -20 - -111?
61
In base 10, what is -3 - -975?
972
In base 16, what is -22e5 + 5?
-22e0
In base 15, what is 19c + -3?
199
In base 6, what is 2 + 131?
133
In base 11, what is -2 - 704?
-706
In base 13, what is -a - -15?
8
In base 3, what is 111220 + 100?
112020
In base 3, what is 1100 + 120?
1220
In base 16, what is 105 + -1?
104
In base 6, what is 5 + -111?
-102
In base 13, what is 1 + -1647?
-1646
In base 10, what is -31 + 21?
-10
In base 13, what is 5 - -238?
240
In base 12, what is 39 - -2?
3b
In base 10, what is -21 + -228?
-249
In base 14, what is 2 - -14?
16
In base 7, what is -4330 + 3?
-4324
In base 15, what is -4 + 2b9?
2b5
In base 5, what is -32 - -11?
-21
In base 2, what is -110001011 - 0?
-110001011
In base 4, what is 20 - -10020?
10100
In base 15, what is 3 - -13c?
140
In base 6, what is -3 - 55?
-102
In base 8, what is -21 + 410?
367
In base 16, what is 28 + -9?
1f
In base 4, what is -1021300 + 1?
-1021233
In base 2, what is 11110110 - -1101?
100000011
In base 2, what is -11000000 - 100?
-11000100
In base 16, what is -175 - -4?
-171
In base 10, what is 1 - 2506?
-2505
In base 3, what is -11 - -220?
202
In base 10, what is -434 + 2?
-432
In base 10, what is -11541 - 4?
-11545
In base 3, what is -2 + -111?
-120
In base 12, what is 262 - 5?
259
In base 4, what is 11 - 222?
-211
In base 15, what is -2 + 20?
1d
In base 7, what is -146 + -2?
-151
In base 6, what is -133 + 14?
-115
In base 4, what is -3200 - -113?
-3021
In base 15, what is 3 + -132?
-12e
In base 6, what is 204 - -152?
400
In base 16, what is -1d + -36?
-53
In base 3, what is 1 - -122201?
122202
In base 8, what is 3 + -31?
-26
In base 5, what is -10 - 21?
-31
In base 4, what is -23 + -2231?
-2320
In base 2, what is 0 + -11001?
-11001
In base 11, what is 62 - 3?
5a
In base 14, what is 984 + -3?
981
In base 6, what is -5 - -1235?
1230
In base 2, what is -100101011 - -110?
-100100101
In base 15, what is 1 - -2d?
2e
In base 14, what is 0 + 5b?
5b
In base 8, what is -506 + 4?
-502
In base 10, what is 4 - 2263?
-2259
In base 9, what is 11347 - 0?
11347
In base 14, what is -15 - 12?
-27
In base 10, what is 686 + -6?
680
In base 15, what is -c - c?
-19
In base 11, what is 952 - 0?
952
In base 6, what is 21 - 43?
-22
In base 14, what is -1 + 5?
4
In base 9, what is -86 - -8?
-77
In base 14, what is 65 + -b?
58
In base 13, what is a + -146?
-139
In base 6, what is -1033 - 0?
-1033
In base 5, what is -14443 + -23?
-20021
In base 2, what is 1011001001 - -1?
1011001010
In base 9, what is 3 - -87?
101
In base 14, what is 8b2 - -5?
8b7
In base 13, what is 736 - 5?
731
In base 7, what is 1564 + -41?
1523
In base 9, what is -87 - 5?
-103
In base 7, what is 1 + -1201?
-1200
In base 7, what is 0 + 534?
534
In base 3, what is -101211 - -20?
-101121
In base 5, what is -301 + 2104?
1303
In base 6, what is -113 + -21?
-134
In base 4, what is -32031 + 2?
-32023
In base 3, what is -11200 + 10?
-11120
In base 15, what is -4 - -a4?
a0
In base 6, what is 4 - 203?
-155
In base 16, what is -12 - 0?
-12
In base 4, what is -311 - 1?
-312
In base 7, what is 42 - -2?
44
In base 9, what is 12284 + -2?
12282
In base 3, what is -1012200 + -1?
-1012201
In base 16, what is 5 - 5f?
-5a
In base 10, what is 6 - -398?
404
In base 13, what is 2b - 2?
29
In base 9, what is -38 + 13?
-25
In base 16, what is -4b - 5?
-50
In base 9, what is 2 + 70?
72
In base 2, what is 101 - 1101001?
-1100100
In base 4, what is -20101 + 112?
-13323
In base 5, what is -144114 + -4?
-144123
In base 10, what is 3 - -527?
530
In base 4, what is 11 - 300?
-223
In base 15, what is -5 + 4b?
46
In base 9, what is -2230 + 0?
-2230
In base 15, what is -47 - -5?
-42
In base 3, what is 11000 + -20?
10210
In base 8, what is -10124 + -1?
-10125
In base 6, what is 1510 - -3?
1513
In base 8, what is -22 + -3?
-25
In base 16, what is 60f - 4?
60b
In base 13, what is 193 - c?
184
In base 9, what is 345 - -1?
346
In base 8, what is 31 - 432?
-401
In base 14, what is -4 + 2c?
28
In base 2, what is 11011 - -101000?
1000011
In base 7, what is -546 + 4?
-542
In base 8, what is 6 + 3360?
3366
In base 4, what is -11 - -2302?
2231
In base 4, what is 200033 + 2?
200101
In base 2, what is -1000100 - -1000?
-111100
In base 6, what is 12 + -3155?
-3143
In base 2, what is 100110100110 + -11?
100110100011
In base 12, what is 6b - 4?
67
In base 6, what is -102300 + 1?
-102255
In base 14, what is -1c - -11?
-b
In base 2, what is 11100100 - 101?
11011111
In base 12, what is 19 - -39?
56
In base 3, what is 110000 - 11?
102212
In base 7, what is 104 + 11?
115
In base 13, what is 8 - -38b?
396
In base 3, what is 12102 + -12?
12020
In base 9, what is 2 + -71?
-68
In base 10, what is -8 + -59?
-67
In base 11, what is 60a + 5?
614
In base 13, what is 3 - -3a?
40
In base 14, what is 56 + -4?
52
In base 15, what is -8 + 15?
c
In base 11, what is -50 + -5?
-55
In base 13, what is -3 + 12?
c
In base 16, what is 2 - 34?
-32
In base 14, what is 2 + 29?
2b
In base 4, what is 1000 + -202?
132
In base 4, what is -212000 - 0?
-212000
In base 8, what is 151 + 2?
153
In base 16, what is 5 + -1?
4
In base 8, what is 1 + -235?
-234
In base 4, what is 12 - 1?
11
In base 7, what is -14 - 135?
-152
In base 15, what is -5 - -b28?
b23
In base 12, what is -304 - -5?
-2bb
In base 6, what is 0 - 2110?
-2110
In base 16, what is -2 - -16ba?
16b8
In base 14, what is 23b - 4?
237
In base 5, what is 10 - 11210?
-11200
In base 7, what is 1416 - 2?
1414
In base 2, what is 101 - -1100000111?
1100001100
In base 13, what is 3 - -111?
114
In base 4, what is 20 - 1000?
-320
In base 11, what is 733 + -3?
730
In base 2, what is